6841?
577, 1433
List the prime factors of 852057.
3, 17, 5569
List the prime factors of 2699385.
3, 5, 13, 109, 127
What are the prime factors of 11555148?
2, 3, 11, 87539
List the prime factors of 24778177.
3259, 7603
What are the prime factors of 2237338?
2, 163, 6863
List the prime factors of 1485178.
2, 71, 10459
What are the prime factors of 134088?
2, 3, 37, 151
What are the prime factors of 3877813?
3877813
List the prime factors of 79483.
61, 1303
List the prime factors of 160389.
3, 71, 251
What are the prime factors of 594520?
2, 5, 89, 167
What are the prime factors of 281025?
3, 5, 1249
What are the prime factors of 152336?
2, 9521
What are the prime factors of 8684075?
5, 79, 4397
What are the prime factors of 395837?
13, 30449
What are the prime factors of 72467?
72467
List the prime factors of 1717746.
2, 3, 67, 4273
What are the prime factors of 944481?
3, 314827
List the prime factors of 658650.
2, 3, 5, 4391
List the prime factors of 121997.
121997
List the prime factors of 406525.
5, 7, 23, 101
What are the prime factors of 3197110?
2, 5, 7, 45673
What are the prime factors of 96668?
2, 11, 13
What are the prime factors of 422314?
2, 17, 12421
List the prime factors of 6619784.
2, 827473
What are the prime factors of 709129?
317, 2237
What are the prime factors of 21794266?
2, 13, 821, 1021
List the prime factors of 6613198.
2, 3306599
List the prime factors of 2936043.
3, 11, 47, 631
What are the prime factors of 36140608?
2, 7, 80671
List the prime factors of 521621.
191, 2731
List the prime factors of 8678843.
23, 401, 941
List the prime factors of 5742623.
5742623
List the prime factors of 17920.
2, 5, 7
What are the prime factors of 10161?
3, 1129
What are the prime factors of 10528377?
3, 71, 49429
List the prime factors of 252495.
3, 5, 31, 181
What are the prime factors of 3312912?
2, 3, 69019
List the prime factors of 474999.
3, 7, 22619
List the prime factors of 34565585.
5, 37, 186841
What are the prime factors of 825376?
2, 25793
What are the prime factors of 1907438?
2, 13, 73363
List the prime factors of 85604.
2, 21401
List the prime factors of 150715.
5, 43, 701
What are the prime factors of 616641?
3, 17, 107, 113
List the prime factors of 2790116.
2, 7, 251, 397
What are the prime factors of 5517791?
439, 12569
List the prime factors of 9549263.
9549263
List the prime factors of 1111404.
2, 3, 7, 101, 131
List the prime factors of 1294710.
2, 3, 5, 103, 419
List the prime factors of 776871.
3, 23, 139
List the prime factors of 485975.
5, 7, 2777
List the prime factors of 3496555.
5, 419, 1669
List the prime factors of 10314272.
2, 157, 2053
What are the prime factors of 1037195?
5, 283, 733
What are the prime factors of 225314?
2, 112657
What are the prime factors of 339418?
2, 169709
What are the prime factors of 1473510?
2, 3, 5, 49117
List the prime factors of 1088209.
1088209
What are the prime factors of 77628?
2, 3, 6469
What are the prime factors of 185512?
2, 23189
What are the prime factors of 258413?
258413
What are the prime factors of 17383466?
2, 8691733
What are the prime factors of 409048?
2, 51131
What are the prime factors of 699294?
2, 3, 116549
What are the prime factors of 8834862?
2, 3, 787, 1871
List the prime factors of 15727250.
2, 5, 7, 11, 19, 43
List the prime factors of 6392248.
2, 799031
What are the prime factors of 240209?
240209
List the prime factors of 358764.
2, 3, 7, 4271
List the prime factors of 373579.
167, 2237
List the prime factors of 9119846.
2, 433, 10531
What are the prime factors of 16912811?
37, 199, 2297
What are the prime factors of 32015?
5, 19, 337
What are the prime factors of 2596006?
2, 7, 185429
List the prime factors of 2014303.
2014303
List the prime factors of 2379044.
2, 29, 20509
What are the prime factors of 772122?
2, 3, 13, 19, 521
List the prime factors of 514073.
7, 23, 31, 103
What are the prime factors of 3672186?
2, 3, 7, 87433
What are the prime factors of 2815491?
3, 7, 107, 179
What are the prime factors of 3388171?
3388171
What are the prime factors of 194510?
2, 5, 53, 367
What are the prime factors of 343113?
3, 114371
What are the prime factors of 18588692?
2, 23, 97, 2083
List the prime factors of 27095029.
13, 2084233
List the prime factors of 776336.
2, 11, 401
List the prime factors of 9725105.
5, 13, 17, 677
List the prime factors of 13435969.
71, 189239
What are the prime factors of 6506622?
2, 3, 101, 1193
What are the prime factors of 24710?
2, 5, 7, 353
List the prime factors of 2072125.
5, 11, 137
List the prime factors of 3728995.
5, 467, 1597
What are the prime factors of 1200887?
1200887
List the prime factors of 504110.
2, 5, 50411
What are the prime factors of 197809?
19, 29, 359
List the prime factors of 4310271.
3, 7, 31, 2207
List the prime factors of 260285.
5, 52057
What are the prime factors of 2315023?
2315023
List the prime factors of 882162.
2, 3, 49009
List the prime factors of 656089.
7, 19, 4933
What are the prime factors of 1295093?
73, 113, 157
What are the prime factors of 171918?
2, 3, 9551
List the prime factors of 37136977.
31, 1039, 1153
List the prime factors of 9471984.
2, 3, 41, 4813
What are the prime factors of 9587204?
2, 11, 109, 1999
What are the prime factors of 689820?
2, 3, 5, 11497
List the prime factors of 465209.
465209
List the prime factors of 7242.
2, 3, 17, 71
List the prime factors of 17194162.
2, 8597081
List the prime factors of 643068.
2, 3, 17863
List the prime factors of 3591848.
2, 13, 34537
What are the prime factors of 2243080?
2, 5, 7, 8011
What are the prime factors of 426789?
3, 11, 479
List the prime factors of 2701869.
3, 900623
List the prime factors of 19897401.
3, 6632467
List the prime factors of 1291034.
2, 89, 7253
List the prime factors of 855809.
233, 3673
List the prime factors of 132483.
3, 13, 43, 79
List the prime factors of 14740276.
2, 19, 193951
List the prime factors of 449363.
449363
List the prime factors of 3368257.
3368257
List the prime factors of 815729.
815729
What are the prime factors of 15060451?
7, 31, 69403
List the prime factors of 1150154.
2, 575077
List the prime factors of 25344673.
43, 173, 3407
List the prime factors of 363027.
3, 7, 59, 293
List the prime factors of 927499.
491, 1889
What are the prime factors of 2352490?
2, 5, 7, 4801
What are the prime factors of 6339985?
5, 109, 11633
List the prime factors of 6143602.
2, 3071801
What are the prime factors of 3622019?
43, 131, 643
What are the prime factors of 649583?
11, 59053
List the prime factors of 25451260.
2, 5, 19, 66977
List the prime factors of 9338346.
2, 3, 71, 7307
What are the prime factors of 479870?
2, 5, 47, 1021
List the prime factors of 34685296.
2, 509, 4259
List the prime factors of 1936662.
2, 3, 7, 13, 3547
List the prime factors of 135616.
2, 13, 163
What are the prime factors of 18867220?
2, 5, 31, 30431
List the prime factors of 2943059.
7, 593, 709
List the prime factors of 160486.
2, 29, 2767
What are the prime factors of 8957761?
89, 100649
What are the prime factors of 1936115?
5, 127, 3049
What are the prime factors of 198336?
2, 3, 1033
List the prime factors of 589025.
5, 23561
What are the prime factors of 9819869?
41, 239509
What are the prime factors of 8892493?
8892493
List the prime factors of 10320970.
2, 5, 11, 93827
List the prime factors of 798229.
41, 19469
List the prime factors of 10306626.
2, 3, 11, 19, 8219
What are the prime factors of 6405131?
6405131
List the prime factors of 472730.
2, 5, 41, 1153
List the prime factors of 6066947.
19, 319313
List the prime factors of 350603.
11, 31873
What are the prime factors of 1373732?
2, 343433
List the prime factors of 707537.
41, 17257
List the prime factors of 1387632.
2, 3, 28909
What are the prime factors of 753392?
2, 47087
What are the prime factors of 2481400?
2, 5, 19, 653
What are the prime factors of 287947?
11, 26177
What are the prime factors of 5420?
2, 5, 271
List the prime factors of 88685.
5, 17737
List the prime factors of 9520351.
9520351
What are the prime factors of 2168810?
2, 5, 7, 30983
What are the prime factors of 58287?
3, 19429
What are the prime factors of 587558?
2, 23, 53, 241
List the prime factors of 1512421.
1512421
What are the prime factors of 83109?
3